2 + 4*l + 11. Let x be p(28). Let q be x - 1*(0 + 2 - -1). Suppose 39*u = 29*u + q. What is the greatest common divisor of u and 132?
12
Suppose -z = -7*u + 3*u - 76, -4*u - 412 = -5*z. Suppose -4*d + s + z = 0, 4*s = -4*d + 8*s + 96. Calculate the highest common factor of 260 and d.
20
Suppose -3*q = -95 - 94. Let l = 146 - 143. Suppose -2*x - 27 = -l*c, 6*x - x = 0. Calculate the greatest common divisor of q and c.
9
Suppose -130 = -3*l + 416. Let x = l - 128. Suppose 9*t - 7*t = x. Calculate the greatest common divisor of 297 and t.
27
Let w(b) = 2*b**3 + 4*b**2 - 5*b - 16. Let u be w(5). Suppose -1104 = -317*g + u*g. Calculate the greatest common factor of g and 483.
69
Let r be ((5 - -1) + 6)/(-5*(-18)/150). What is the highest common factor of 3860 and r?
20
Let g be 30 - -3 - ((-315)/15 - -10). Calculate the greatest common divisor of 5324 and g.
44
Let l be -1 + (-106)/((-8)/4). Let v = -10694 + 10710. Calculate the highest common factor of v and l.
4
Let x(s) = s**3 + 31*s**2 - 2*s + 50. Let a be x(-31). Let d = -12 - -11. Let b = 8 + d. What is the greatest common factor of a and b?
7
Let d be (-77 - -21)*58/(-8). Let x = -401 + d. Calculate the highest common factor of x and 270.
5
Let l = 1982 + -1859. Let t(d) = 3*d**2 + 2*d - 2. Let b be t(-2). Suppose -l - 57 = -b*a. Calculate the highest common factor of a and 15.
15
Suppose -38 = -4*d - 3*v + 522, 3*d + v = 420. Let c = -5201 - -5063. Let u = d + c. What is the highest common divisor of 22 and u?
2
Let b(c) = -676*c + 5100. Let q be b(7). Calculate the greatest common divisor of 161 and q.
23
Let q be (4 - (4 - 2)) + 1 + -15. Let j = 1 + q. Let m = j - -12. Calculate the highest common factor of 2 and m.
1
Suppose -2533*g + 148211 = -232122 - 291473 + 46155. Let p = -7 + 20. What is the greatest common divisor of p and g?
13
Let x(l) = -l - 2. Let b be x(-6). Suppose 2*z - 4*z - b = 0, 2*h = 4*z. Let n be (h - -2)/4*-572. Calculate the greatest common divisor of 26 and n.
26
Let c(i) = 21 + 70*i + 46 - 63*i. Let f be c(4). What is the highest common factor of 76 and f?
19
Suppose 8*m = 2*m + 12. Let z = -1384 + 1416. Calculate the greatest common factor of z and m.
2
Let h be (-3086)/(-6)*2 + (-76)/(-228). Calculate the greatest common factor of 49 and h.
49
Suppose 16*w + 10174 = 19*w + k, 0 = 5*w - k - 16946. Calculate the greatest common divisor of w and 60.
30
Suppose -79*x + 1485 + 569 = 0. Calculate the highest common factor of x and 325.
13
Let a be (17/51)/((-3)/(-5967)). Calculate the greatest common factor of 17 and a.
17
Let v = 85 + -85. Suppose 33*b + 23*b - 51520 = v. Calculate the greatest common factor of b and 115.
115
Let b = 16967 - 16935. What is the highest common factor of 83 and b?
1
Let d = 5721 + -5611. Calculate the greatest common factor of 490 and d.
10
Suppose 0 = -3*x + x. Suppose -3*l - 93 = -t - 4*l, -l + 3 = x. Let c be 7 - (-9 + 68/8)*(9 + -3). What is the greatest common factor of c and t?
10
Let f be 1/(((-56)/(-8568))/(1/3)). What is the highest common factor of f and 417?
3
Suppose 15 = 5*n - o, -2*n - o + 2 = -4. Suppose 0 = 6*l - 15*l + 207. Suppose 0 = l*k + k - 360. What is the highest common divisor of n and k?
3
Suppose 4*r = -5*s + 63515, -366*r + 362*r + 4*s = -63596. What is the greatest common divisor of 140 and r?
70
Let d be 134 + (-5 - -6) + -5. Let o = 185 - d. What is the highest common divisor of o and 11?
11
Suppose -4 = -2*g + 4. Let h be (-79)/2*(-2)/(-1). Let i = h + 81. Calculate the greatest common factor of g and i.
2
Let z = 18 + -4. Suppose -1625*k = -1602*k - 805. What is the highest common divisor of k and z?
7
Let d be 4/3 + 114/9. Suppose 0 = 3*z - 34 - d. Suppose n + 1008 = 10*n. What is the highest common factor of n and z?
16
Let q = -606 + 979. Let g = -350 + q. What is the highest common factor of 46 and g?
23
Let g be 1 + 4 + 0/8. Suppose -g*d + 60 = -0*d. Suppose 0 = 5*l + 4*i - 141 - 59, -3*l + 3*i + 93 = 0. Calculate the greatest common factor of l and d.
12
Suppose 0 = -o + 3*o - 26. Suppose -o - 37 = 5*z. Let j = 11 + z. What is the highest common divisor of j and 3?
1
Let p(n) be the second derivative of -n**3/6 + 10*n**2 - 51*n. Let w be p(2). Calculate the highest common divisor of w and 90.
18
Suppose 6*o - 10 = 20. Suppose -13 = o*w - 18*w. Let i(y) = -y - 12. Let h be i(-15). What is the greatest common factor of h and w?
1
Let c = 69659 - 69637. Let y = -73 + 249. What is the greatest common divisor of y and c?
22
Suppose -14911 = -q - 14655. Calculate the highest common factor of 1 and q.
1
Suppose -306120 + 306036 = -6*h. What is the highest common factor of 8078 and h?
14
Let h be 1128/9 - -1 - 1/3. Let g = h + -62. Calculate the greatest common divisor of 176 and g.
16
Suppose 17*d + 19 = -32. Let p be (-400)/10*d/24. Calculate the highest common divisor of 45 and p.
5
Let t be (0 - (-2)/(-4)) + 4704/192. What is the highest common divisor of t and 4596?
12
Let n be (-210)/(-9)*39186/105. Calculate the greatest common factor of 28 and n.
28
Let j = -9 - -16. Let i(r) = -79*r - 2915. Let n be i(-37). Calculate the highest common factor of j and n.
1
Suppose -1629 = 11*k - 55*k - 661. Calculate the greatest common factor of k and 737.
11
Let f be 10 + 1 - (-27 - 940). Calculate the highest common divisor of 30 and f.
6
Suppose 2*i = a - 0*a + 9, 0 = 3*i + 4*a + 14. Suppose 0 = -i*j + 422 - 8. Calculate the highest common divisor of 9 and j.
9
Let o = 20 - -79. Suppose -r - 240 = -249. What is the greatest common divisor of o and r?
9
Let g be ((-12)/48)/(2/(-40)) + 2. Suppose -2 = g*n - 23. Suppose 4*x - 5*y - 48 = -y, -n*x + 1 = 4*y. What is the highest common divisor of x and 7?
7
Let u(w) = w**3 + 30*w**2 - 61*w + 113. Let i be u(-32). Let f = 3 - 2. Let z be 1*187 - (-1 + f). Calculate the highest common factor of z and i.
17
Suppose -50*b + 140 = -36*b. Suppose -3*h + 10 = -11. Suppose 10*k + 5*r = h*k + 19, -b = -5*r. Calculate the highest common factor of k and 9.
3
Let w(y) = 31*y**3 - 17*y**2 + 18*y - 2. Let h be w(1). Suppose 0 = -a + 3*a - 480. Calculate the highest common factor of a and h.
30
Suppose 2*l - 65 = -3*l. Suppose 4*n + i = -4*i + l, -4*i = -5*n + 6. Suppose 7 = s + n*w, 0*s - 14 = s - 5*w. Calculate the greatest common factor of s and 3.
1
Let h be (-248)/(-5) + 4/10. Let a(b) = -791*b**2 - 2*b + 3. Let f be a(1). Let v = f - -830. What is the highest common factor of v and h?
10
Let h = 15 + -10. Suppose 3*w + 476 = -199. Let q = w + 265. What is the greatest common factor of q and h?
5
Let s be (-6)/3*(-30)/(-10) - (-10824)/2. What is the highest common factor of 12 and s?
6
Let h be (-9)/(-6)*(-79390)/(-51). What is the greatest common divisor of 5 and h?
5
Suppose 11*o - 108 = -7*o. Suppose 0 = o*t - 323 - 223. What is the highest common factor of t and 52?
13
Let x(n) = n**3 + 9*n**2 + 14*n - 20. Let s be x(-4). Calculate the greatest common factor of s and 3554.
2
Suppose -5*w = 3*f - 247, w = -6*f + 4*w + 468. What is the greatest common factor of 1027 and f?
79
Suppose -4598 - 792 = -11*r. Suppose -98*b + 88*b + r = 0. Let z(s) = s**3 + 6*s**2 + 4*s + 2. Let g be z(-5). What is the highest common factor of b and g?
7
Let d be (-9)/6*8/(-6). Suppose -2*i + 2*o - 19 = 49, 0 = -2*i - d*o - 80. Let t = i + 58. What is the highest common divisor of t and 21?
21
Let x = 27 + 5. Suppose x = -3*t + 4*t. Suppose -5*j + t = -703. What is the greatest common divisor of j and 21?
21
Let c(j) = j**2 + 9*j - 2295. Let m be c(48). Calculate the greatest common divisor of 3430 and m.
49
Let n be ((-2100)/90)/((-992)/(-498) - 2). Calculate the greatest common factor of 14 and n.
7
Suppose 4*k = 5*t - 8481, -44*t + k - 3408 = -46*t. Calculate the greatest common divisor of t and 27.
27
Let p = -6 + 19. Let w = 15732 - 15511. What is the highest common factor of w and p?
13
Suppose -4*j - 84 = -536. Suppose -j = -8*g + 279. What is the highest common divisor of g and 14?
7
Let w = 18 - 13. Let o = 93 + -81. Let r = w + o. Calculate the greatest common divisor of 68 and r.
17
Let w = -256 + 344. Let d = 104 - w. Calculate the greatest common factor of d and 52.
4
Suppose -65*z = -72*z + 5*l + 69, -8 = 2*l. Let p(k) = -k**3 - 5*k**2 + 5*k + 1. Let r be p(-6). What is the hig